{"id":21179,"date":"2025-06-09T14:43:27","date_gmt":"2025-06-09T12:43:27","guid":{"rendered":"https:\/\/gallericarl.com\/?post_type=tribe_events&#038;p=21179"},"modified":"2025-06-11T15:58:33","modified_gmt":"2025-06-11T13:58:33","slug":"anja-lund-maria-thorin","status":"publish","type":"tribe_events","link":"https:\/\/gallericarl.com\/sv\/event\/anja-lund-maria-thorin\/","title":{"rendered":"Anja Lund &#038; Maria Thorin"},"content":{"rendered":"<p data-start=\"42\" data-end=\"55\"><strong data-start=\"42\" data-end=\"55\">Anja Lund<\/strong><\/p>\n<p data-start=\"57\" data-end=\"407\">Jag reser mycket och arbetar b\u00e5de runt om i v\u00e4rlden och i min fasta atelje i Roslagen.<br data-start=\"142\" data-end=\"145\" \/>Ofta blir det naturmotiv men jag r\u00f6r mig mer o mer mot det abstrakta.<br data-start=\"241\" data-end=\"244\" \/>Det som intresserar mig mest \u00e4r pigmentens  f\u00e4rd genom vatten., dess egenskaper b\u00e5de var f\u00f6r sig men ocks\u00e5 i alla de tusentals blandningar jag g\u00e4rna experimenterar med.<\/p>\n<p data-start=\"414\" data-end=\"430\"><strong data-start=\"414\" data-end=\"430\">Maria Thorin<\/strong><\/p>\n<p data-start=\"432\" data-end=\"793\">Jag \u00e4r bosatt p\u00e5 V\u00e4t\u00f6, d\u00e4r jag \u00e4ven har min atelje. Numera v\u00e4ljer jag oftast grafiska tekniker i mina bilder.<br data-start=\"533\" data-end=\"536\" \/>Jag trivs med grafikens kombination av noggrant hantverk och viss slumpm\u00e4ssighet.<br data-start=\"645\" data-end=\"648\" \/>Med enkla bildelement och olika f\u00e4rg- och kompositionsval byger jag mina bilder , som ofta utg\u00e5r fr\u00e5n ord, strofer och ber\u00e4ttelser.<\/p>\n<p><img fetchpriority=\"high\" decoding=\"async\" class=\"alignnone wp-image-21181\" src=\"https:\/\/gallericarl.com\/wp-content\/uploads\/2025\/06\/IMG_2563-scaled.jpeg\" alt=\"\" width=\"354\" height=\"501\" srcset=\"https:\/\/gallericarl.com\/wp-content\/uploads\/2025\/06\/IMG_2563-scaled.jpeg 1810w, https:\/\/gallericarl.com\/wp-content\/uploads\/2025\/06\/IMG_2563-212x300.jpeg 212w, https:\/\/gallericarl.com\/wp-content\/uploads\/2025\/06\/IMG_2563-724x1024.jpeg 724w, https:\/\/gallericarl.com\/wp-content\/uploads\/2025\/06\/IMG_2563-768x1086.jpeg 768w, https:\/\/gallericarl.com\/wp-content\/uploads\/2025\/06\/IMG_2563-1086x1536.jpeg 1086w, https:\/\/gallericarl.com\/wp-content\/uploads\/2025\/06\/IMG_2563-1448x2048.jpeg 1448w, https:\/\/gallericarl.com\/wp-content\/uploads\/2025\/06\/IMG_2563-8x12.jpeg 8w, https:\/\/gallericarl.com\/wp-content\/uploads\/2025\/06\/IMG_2563-370x523.jpeg 370w, https:\/\/gallericarl.com\/wp-content\/uploads\/2025\/06\/IMG_2563-840x1188.jpeg 840w, https:\/\/gallericarl.com\/wp-content\/uploads\/2025\/06\/IMG_2563-410x580.jpeg 410w\" sizes=\"(max-width: 600px) 100vw, 354px\" \/><\/p>","protected":false},"excerpt":{"rendered":"<p>Uppt\u00e4ck det levande samspelet mellan natur, abstraktion och ber\u00e4ttande i verk av Anja Lund och Maria Thorin \u2014 nu p\u00e5 Galleri Carl.<\/p>","protected":false},"author":3,"featured_media":21182,"comment_status":"open","ping_status":"closed","template":"","meta":{"_tribe_events_status":"","_tribe_events_status_reason":"","footnotes":""},"tags":[380,381],"tribe_events_cat":[196,195],"class_list":["post-21179","tribe_events","type-tribe_events","status-publish","has-post-thumbnail","hentry","tag-anja-lund","tag-maria-thorin","tribe_events_cat-coming-soon","tribe_events_cat-exhibitions","cat_coming-soon","cat_exhibitions"],"_links":{"self":[{"href":"https:\/\/gallericarl.com\/sv\/wp-json\/wp\/v2\/tribe_events\/21179","targetHints":{"allow":["GET"]}}],"collection":[{"href":"https:\/\/gallericarl.com\/sv\/wp-json\/wp\/v2\/tribe_events"}],"about":[{"href":"https:\/\/gallericarl.com\/sv\/wp-json\/wp\/v2\/types\/tribe_events"}],"author":[{"embeddable":true,"href":"https:\/\/gallericarl.com\/sv\/wp-json\/wp\/v2\/users\/3"}],"replies":[{"embeddable":true,"href":"https:\/\/gallericarl.com\/sv\/wp-json\/wp\/v2\/comments?post=21179"}],"version-history":[{"count":0,"href":"https:\/\/gallericarl.com\/sv\/wp-json\/wp\/v2\/tribe_events\/21179\/revisions"}],"wp:featuredmedia":[{"embeddable":true,"href":"https:\/\/gallericarl.com\/sv\/wp-json\/wp\/v2\/media\/21182"}],"wp:attachment":[{"href":"https:\/\/gallericarl.com\/sv\/wp-json\/wp\/v2\/media?parent=21179"}],"wp:term":[{"taxonomy":"post_tag","embeddable":true,"href":"https:\/\/gallericarl.com\/sv\/wp-json\/wp\/v2\/tags?post=21179"},{"taxonomy":"tribe_events_cat","embeddable":true,"href":"https:\/\/gallericarl.com\/sv\/wp-json\/wp\/v2\/tribe_events_cat?post=21179"}],"curies":[{"name":"wp","href":"https:\/\/api.w.org\/{rel}","templated":true}]}}

<p data-start="42" data-end="55"><strong data-start="42" data-end="55">Anja Lund</strong></p>
<p data-start="57" data-end="407">Jag reser mycket och arbetar både runt om i världen och i min fasta atelje i Roslagen.<br data-start="142" data-end="145" />Ofta blir det naturmotiv men jag rör mig mer o mer mot det abstrakta.<br data-start="241" data-end="244" />Det som intresserar mig mest är pigmentens  färd genom vatten., dess egenskaper både var för sig men också i alla de tusentals blandningar jag gärna experimenterar med.</p>
<p data-start="414" data-end="430"><strong data-start="414" data-end="430">Maria Thorin</strong></p>
<p data-start="432" data-end="793">Jag är bosatt på Vätö, där jag även har min atelje. Numera väljer jag oftast grafiska tekniker i mina bilder.<br data-start="533" data-end="536" />Jag trivs med grafikens kombination av noggrant hantverk och viss slumpmässighet.<br data-start="645" data-end="648" />Med enkla bildelement och olika färg- och kompositionsval byger jag mina bilder , som ofta utgår från ord, strofer och berättelser.</p>
<p><img fetchpriority="high" decoding="async" class="alignnone wp-image-21181" src="https://gallericarl.com/wp-content/uploads/2025/06/IMG_2563-scaled.jpeg" alt="" width="354" height="501" srcset="https://gallericarl.com/wp-content/uploads/2025/06/IMG_2563-scaled.jpeg 1810w, https://gallericarl.com/wp-content/uploads/2025/06/IMG_2563-212x300.jpeg 212w, https://gallericarl.com/wp-content/uploads/2025/06/IMG_2563-724x1024.jpeg 724w, https://gallericarl.com/wp-content/uploads/2025/06/IMG_2563-768x1086.jpeg 768w, https://gallericarl.com/wp-content/uploads/2025/06/IMG_2563-1086x1536.jpeg 1086w, https://gallericarl.com/wp-content/uploads/2025/06/IMG_2563-1448x2048.jpeg 1448w, https://gallericarl.com/wp-content/uploads/2025/06/IMG_2563-8x12.jpeg 8w, https://gallericarl.com/wp-content/uploads/2025/06/IMG_2563-370x523.jpeg 370w, https://gallericarl.com/wp-content/uploads/2025/06/IMG_2563-840x1188.jpeg 840w, https://gallericarl.com/wp-content/uploads/2025/06/IMG_2563-410x580.jpeg 410w" sizes="(max-width: 600px) 100vw, 354px" /></p>

<p>Upptäck det levande samspelet mellan natur, abstraktion och berättande i verk av Anja Lund och Maria Thorin — nu på Galleri Carl.</p>
