{"id":20696,"date":"2024-11-22T09:31:43","date_gmt":"2024-11-22T08:31:43","guid":{"rendered":"https:\/\/www.gallericarl.com\/?post_type=tribe_events&#038;p=20696"},"modified":"2025-11-09T08:33:03","modified_gmt":"2025-11-09T07:33:03","slug":"hakan-kallaker","status":"publish","type":"tribe_events","link":"https:\/\/gallericarl.com\/sv\/event\/hakan-kallaker\/","title":{"rendered":"Christmass salon"},"content":{"rendered":"<p data-start=\"99\" data-end=\"252\">F\u00f6lj med oss p\u00e5 julens salonsutst\u00e4llning med Carl H\u00e5kan K\u00e4ll\u00e5ker och andra konstn\u00e4rer \u2013 en festlig presentation av samtida konst och inspiration.<\/p>\n<p data-start=\"254\" data-end=\"394\">Discover unique works by Carl H\u00e5kan K\u00e4ll\u00e5ker at the Christmas Salon Exhibition \u2013 where art meets the holiday spirit.<\/p>\n<p>\u00d6ppettider:<\/p>\n<p>Torsdag och fredag: 16.00 \u2013 19.00<br \/>\nL\u00f6rdag och s\u00f6ndag: 12.00 \u2013 17.00<\/p>\n<p>&nbsp;<\/p>\n<p><img fetchpriority=\"high\" decoding=\"async\" class=\"alignnone wp-image-21017 size-large\" src=\"https:\/\/www.gallericarl.com\/wp-content\/uploads\/2024\/11\/WhatsApp-Image-2024-12-16-at-07.34.21_add13961-1024x796.jpg\" alt=\"Hakan Carl Kallaker @ Galleri Carl Stockholm 1\" width=\"1024\" height=\"796\" srcset=\"https:\/\/gallericarl.com\/wp-content\/uploads\/2024\/11\/WhatsApp-Image-2024-12-16-at-07.34.21_add13961-1024x796.jpg 1024w, https:\/\/gallericarl.com\/wp-content\/uploads\/2024\/11\/WhatsApp-Image-2024-12-16-at-07.34.21_add13961-300x233.jpg 300w, https:\/\/gallericarl.com\/wp-content\/uploads\/2024\/11\/WhatsApp-Image-2024-12-16-at-07.34.21_add13961-768x597.jpg 768w, https:\/\/gallericarl.com\/wp-content\/uploads\/2024\/11\/WhatsApp-Image-2024-12-16-at-07.34.21_add13961-1536x1193.jpg 1536w, https:\/\/gallericarl.com\/wp-content\/uploads\/2024\/11\/WhatsApp-Image-2024-12-16-at-07.34.21_add13961-15x12.jpg 15w, https:\/\/gallericarl.com\/wp-content\/uploads\/2024\/11\/WhatsApp-Image-2024-12-16-at-07.34.21_add13961-370x287.jpg 370w, https:\/\/gallericarl.com\/wp-content\/uploads\/2024\/11\/WhatsApp-Image-2024-12-16-at-07.34.21_add13961-840x653.jpg 840w, https:\/\/gallericarl.com\/wp-content\/uploads\/2024\/11\/WhatsApp-Image-2024-12-16-at-07.34.21_add13961-410x319.jpg 410w, https:\/\/gallericarl.com\/wp-content\/uploads\/2024\/11\/WhatsApp-Image-2024-12-16-at-07.34.21_add13961.jpg 1600w\" sizes=\"(max-width: 1024px) 100vw, 1024px\" \/><\/p>","protected":false},"excerpt":{"rendered":"<p>Join us for the Christmas Salon Exhibition featuring Carl H\u00e5kan K\u00e4ll\u00e5ker and other painters\u2013 a festive showcase of contemporary art and inspiration. Discover unique works by Carl H\u00e5kan K\u00e4ll\u00e5ker at&hellip;<\/p>","protected":false},"author":1,"featured_media":20928,"comment_status":"closed","ping_status":"closed","template":"","meta":{"_tribe_events_status":"","_tribe_events_status_reason":"","footnotes":""},"tags":[11,162,348,160,341,360,364,153,347,354,377,350,338],"tribe_events_cat":[196,195],"class_list":["post-20696","tribe_events","type-tribe_events","status-publish","has-post-thumbnail","hentry","tag-art","tag-artist","tag-collage","tag-exhibition","tag-galleri-carl","tag-graphics","tag-hakan-kallaker","tag-news","tag-painting","tag-painting-courses","tag-san-lundberg","tag-sculpture","tag-stockholm","tribe_events_cat-coming-soon","tribe_events_cat-exhibitions","cat_coming-soon","cat_exhibitions"],"_links":{"self":[{"href":"https:\/\/gallericarl.com\/sv\/wp-json\/wp\/v2\/tribe_events\/20696","targetHints":{"allow":["GET"]}}],"collection":[{"href":"https:\/\/gallericarl.com\/sv\/wp-json\/wp\/v2\/tribe_events"}],"about":[{"href":"https:\/\/gallericarl.com\/sv\/wp-json\/wp\/v2\/types\/tribe_events"}],"author":[{"embeddable":true,"href":"https:\/\/gallericarl.com\/sv\/wp-json\/wp\/v2\/users\/1"}],"replies":[{"embeddable":true,"href":"https:\/\/gallericarl.com\/sv\/wp-json\/wp\/v2\/comments?post=20696"}],"version-history":[{"count":0,"href":"https:\/\/gallericarl.com\/sv\/wp-json\/wp\/v2\/tribe_events\/20696\/revisions"}],"wp:featuredmedia":[{"embeddable":true,"href":"https:\/\/gallericarl.com\/sv\/wp-json\/wp\/v2\/media\/20928"}],"wp:attachment":[{"href":"https:\/\/gallericarl.com\/sv\/wp-json\/wp\/v2\/media?parent=20696"}],"wp:term":[{"taxonomy":"post_tag","embeddable":true,"href":"https:\/\/gallericarl.com\/sv\/wp-json\/wp\/v2\/tags?post=20696"},{"taxonomy":"tribe_events_cat","embeddable":true,"href":"https:\/\/gallericarl.com\/sv\/wp-json\/wp\/v2\/tribe_events_cat?post=20696"}],"curies":[{"name":"wp","href":"https:\/\/api.w.org\/{rel}","templated":true}]}}

<p data-start="99" data-end="252">Följ med oss på julens salonsutställning med Carl Håkan Källåker och andra konstnärer – en festlig presentation av samtida konst och inspiration.</p>
<p data-start="254" data-end="394">Discover unique works by Carl Håkan Källåker at the Christmas Salon Exhibition – where art meets the holiday spirit.</p>
<p>Öppettider:</p>
<p>Torsdag och fredag: 16.00 – 19.00<br />
Lördag och söndag: 12.00 – 17.00</p>
<p>&nbsp;</p>
<p><img fetchpriority="high" decoding="async" class="alignnone wp-image-21017 size-large" src="https://www.gallericarl.com/wp-content/uploads/2024/11/WhatsApp-Image-2024-12-16-at-07.34.21_add13961-1024x796.jpg" alt="Hakan Carl Kallaker @ Galleri Carl Stockholm 1" width="1024" height="796" srcset="https://gallericarl.com/wp-content/uploads/2024/11/WhatsApp-Image-2024-12-16-at-07.34.21_add13961-1024x796.jpg 1024w, https://gallericarl.com/wp-content/uploads/2024/11/WhatsApp-Image-2024-12-16-at-07.34.21_add13961-300x233.jpg 300w, https://gallericarl.com/wp-content/uploads/2024/11/WhatsApp-Image-2024-12-16-at-07.34.21_add13961-768x597.jpg 768w, https://gallericarl.com/wp-content/uploads/2024/11/WhatsApp-Image-2024-12-16-at-07.34.21_add13961-1536x1193.jpg 1536w, https://gallericarl.com/wp-content/uploads/2024/11/WhatsApp-Image-2024-12-16-at-07.34.21_add13961-15x12.jpg 15w, https://gallericarl.com/wp-content/uploads/2024/11/WhatsApp-Image-2024-12-16-at-07.34.21_add13961-370x287.jpg 370w, https://gallericarl.com/wp-content/uploads/2024/11/WhatsApp-Image-2024-12-16-at-07.34.21_add13961-840x653.jpg 840w, https://gallericarl.com/wp-content/uploads/2024/11/WhatsApp-Image-2024-12-16-at-07.34.21_add13961-410x319.jpg 410w, https://gallericarl.com/wp-content/uploads/2024/11/WhatsApp-Image-2024-12-16-at-07.34.21_add13961.jpg 1600w" sizes="(max-width: 1024px) 100vw, 1024px" /></p>

<p>Join us for the Christmas Salon Exhibition featuring Carl Håkan Källåker and other painters– a festive showcase of contemporary art and inspiration. Discover unique works by Carl Håkan Källåker at&hellip;</p>
